{"id":2980,"date":"2023-09-11T17:22:42","date_gmt":"2023-09-11T15:22:42","guid":{"rendered":"https:\/\/secretaire31.fr\/?page_id=2980"},"modified":"2023-09-11T17:22:42","modified_gmt":"2023-09-11T15:22:42","slug":"les-mentions-legales","status":"publish","type":"page","link":"https:\/\/secretaire31.fr\/index.php\/les-mentions-legales\/","title":{"rendered":"Les mentions l\u00e9gales"},"content":{"rendered":"\n<p class=\"has-text-align-center\"><strong>Informations sur l&rsquo;\u00e9diteur du site internet <\/strong>:<\/p>\n\n\n\n<p>Responsable de r\u00e9daction du contenu et de publication du site : V\u00e9ronique RODRIGUEZ.<\/p>\n\n\n\n<p>Entrepreneur individuel, propri\u00e9taire exploitant de SECRETAIRE2SECOURS31 (EI).<\/p>\n\n\n\n<p>5 rue Georges Ohnet &#8211; b\u00e2timent 2 &#8211; appartement 10 &#8211; 31200 TOULOUSE  \/  06.84.38.10.84  \/  contact@secretaire31.fr.<\/p>\n\n\n\n<p>RM TOULOUSE 834 639 155 00011  \/ Code APE : 8211Z  \/ Non assujettie \u00e0 la TVA (TVA non applicable, article 293 B du Code G\u00e9n\u00e9ral des Imp\u00f4ts).<\/p>\n\n\n\n<p class=\"has-text-align-center\"><strong>Informations sur l&rsquo;h\u00e9bergeur du site internet<\/strong> :<\/p>\n\n\n\n<p><strong>OVH<\/strong> :  2 rue Kellermann &#8211; BP 80157 &#8211; 59100 ROUBAIX  \/  09.72.10.10.07.<\/p>\n\n\n\n<p class=\"has-text-align-center\"><strong>Le traitement et la protection des donn\u00e9es personnelles de l&rsquo;utilisateur du site internet<\/strong> :<\/p>\n\n\n\n<p>Les informations collect\u00e9es \u00e0 partir du formulaire de contact et par email sont utilis\u00e9es uniquement dans le but de r\u00e9pondre aux demandes envoy\u00e9es par les utilisateurs du site internet afin de leur offrir les prestations de services propos\u00e9es  sur le site, d&rsquo;\u00e9changer des informations compl\u00e9mentaires par email ou t\u00e9l\u00e9phone, de tenir inform\u00e9 le client de l&rsquo;avancement de la mission confi\u00e9e et d&rsquo;envoyer des documents pertinents.<\/p>\n\n\n\n<p>Conform\u00e9ment \u00e0 l&rsquo;article 40 de la loi n\u00b0 78-17 du 6 janvier 1978 relative \u00e0 l&rsquo;informatique, aux fichiers et aux libert\u00e9s, l&rsquo;utilisateur dispose d&rsquo;un droit d&rsquo;acc\u00e8s, de modification, de rectification et de retrait des donn\u00e9es le concernant. Afin de faire valoir ses droits, l&rsquo;utilisateur prendra directement contact avec V\u00e9ronique RODRIGUEZ, entrepreneur individuel, propri\u00e9taire exploitant de SECRETAIRE2SECOURS31 (EI), par email \u00e0 contact@secretaire31.fr, par t\u00e9l\u00e9phone au 06.84.38.10.84,  en remplissant le formulaire de contact du site ou par courrier \u00e0 l&rsquo;adresse suivante : 5 rue Georges Ohnet &#8211; b\u00e2timent 2 &#8211; appartement 10 &#8211; 31200 TOULOUSE.<\/p>\n\n\n\n<p>Aucune donn\u00e9e collect\u00e9e par le biais du formulaire de contact ou par email ne sera communiqu\u00e9e \u00e0 des tiers. Seule V\u00e9ronique RODRIGUEZ sera destinataire de ces donn\u00e9es.<\/p>\n\n\n\n<p>V\u00e9ronique RODRIGUEZ s&rsquo;engage \u00e0 supprimer tous les documents d\u00e9mat\u00e9rialis\u00e9s transmis par le client n\u00e9cessaires \u00e0 la r\u00e9alisation de sa mission ainsi qu&rsquo;\u00e0 restituer tous les documents papier restant en sa possession \u00e0 la fin de sa mission, sauf demande expresse du client aupr\u00e8s de V\u00e9ronique RODRIGUEZ pour en conserver une copie pour un usage ult\u00e9rieur.<\/p>\n\n\n\n<p>Aucune d\u00e9claration n&rsquo;a \u00e9t\u00e9 d\u00e9pos\u00e9e aupr\u00e8s de la CNIL.<\/p>\n\n\n\n<p class=\"has-text-align-center\"><strong>Propri\u00e9t\u00e9 intellectuelle<\/strong><\/p>\n\n\n\n<p>Les textes int\u00e9gr\u00e9s sur le site internet ont \u00e9t\u00e9 r\u00e9dig\u00e9s exclusivement par V\u00e9ronique RODRIGUEZ.<\/p>\n\n\n\n<p>Toute reproduction totale ou partielle de ces \u00e9l\u00e9ments sans l&rsquo;autorisation expresse de l&rsquo;\u00e9diteur du site, V\u00e9ronique RODRIGUEZ, est strictement interdite.<\/p>\n\n\n\n<p>Les images, les photographies, les ic\u00f4nes utilis\u00e9es proviennent principalement du site images.google.com sous licence Creatives Commons et de WordPress.<\/p>\n\n\n\n<p> <\/p>\n","protected":false},"excerpt":{"rendered":"<p>Informations sur l&rsquo;\u00e9diteur du site internet : Responsable de r\u00e9daction du contenu et de publication du site : V\u00e9ronique RODRIGUEZ. Entrepreneur individuel, propri\u00e9taire exploitant de SECRETAIRE2SECOURS31 (EI). 5 rue Georges Ohnet &#8211; b\u00e2timent 2 &#8211; appartement 10 &#8211; 31200 TOULOUSE \/ 06.84.38.10.84 \/ contact@secretaire31.fr. RM TOULOUSE 834 639 155 00011 \/ Code APE : 8211Z &hellip;<\/p>\n<p class=\"read-more\"> <a class=\"\" href=\"https:\/\/secretaire31.fr\/index.php\/les-mentions-legales\/\"> <span class=\"screen-reader-text\">Les mentions l\u00e9gales<\/span> Lire la suite\u00a0\u00bb<\/a><\/p>\n","protected":false},"author":2,"featured_media":0,"parent":0,"menu_order":0,"comment_status":"closed","ping_status":"closed","template":"","meta":{"site-sidebar-layout":"default","site-content-layout":"default","ast-global-header-display":"","ast-banner-title-visibility":"","ast-main-header-display":"","ast-hfb-above-header-display":"","ast-hfb-below-header-display":"","ast-hfb-mobile-header-display":"","site-post-title":"","ast-breadcrumbs-content":"","ast-featured-img":"","footer-sml-layout":"","theme-transparent-header-meta":"","adv-header-id-meta":"","stick-header-meta":"","header-above-stick-meta":"","header-main-stick-meta":"","header-below-stick-meta":"","footnotes":""},"class_list":["post-2980","page","type-page","status-publish","hentry"],"_links":{"self":[{"href":"https:\/\/secretaire31.fr\/index.php\/wp-json\/wp\/v2\/pages\/2980","targetHints":{"allow":["GET"]}}],"collection":[{"href":"https:\/\/secretaire31.fr\/index.php\/wp-json\/wp\/v2\/pages"}],"about":[{"href":"https:\/\/secretaire31.fr\/index.php\/wp-json\/wp\/v2\/types\/page"}],"author":[{"embeddable":true,"href":"https:\/\/secretaire31.fr\/index.php\/wp-json\/wp\/v2\/users\/2"}],"replies":[{"embeddable":true,"href":"https:\/\/secretaire31.fr\/index.php\/wp-json\/wp\/v2\/comments?post=2980"}],"version-history":[{"count":1,"href":"https:\/\/secretaire31.fr\/index.php\/wp-json\/wp\/v2\/pages\/2980\/revisions"}],"predecessor-version":[{"id":2981,"href":"https:\/\/secretaire31.fr\/index.php\/wp-json\/wp\/v2\/pages\/2980\/revisions\/2981"}],"wp:attachment":[{"href":"https:\/\/secretaire31.fr\/index.php\/wp-json\/wp\/v2\/media?parent=2980"}],"curies":[{"name":"wp","href":"https:\/\/api.w.org\/{rel}","templated":true}]}}